 k - 2. Let u(b) = -3*c(b) + o(b). Give u(g).
4
Let x be (-60)/(0 - (0 - -1)). Let a = -62 + x. Let c(p) = 2*p**3 + 2*p**2 - 2*p - 1. What is c(a)?
-5
Let r(l) = 5*l**2 + 35*l. Let z = 366 - 373. Calculate r(z).
0
Let j(l) be the second derivative of 19/2*l**2 - 1/6*l**3 + 0 - 27*l. What is j(0)?
19
Let i(z) = -z**3 - z**2 + 1. Let s = -5 + 1. Let x = 3 - s. Let u = -6 + x. Give i(u).
-1
Let v(a) be the third derivative of -a**4/24 - 7*a**3/6 + 9*a**2. Let q be ((-7)/(-2))/(1*(-2)/4). What is v(q)?
0
Let k(o) = 2 - 1 + 4 - 5 + 3 + 3*o. Give k(-5).
-12
Let p(k) = 20*k**3 + 10*k**2 - 5*k - 8. Let y(r) = -37*r**3 - 19*r**2 + 9*r + 15. Let f(a) = -11*p(a) - 6*y(a). What is f(-2)?
-4
Let c(k) = 6*k**3 - k**2 - 2*k + 2. Suppose -3*p + 10 - 4 = 0. Let d(r) = 17*r**3 - 4*r**2 - 7*r + 7. Let v(w) = p*d(w) - 7*c(w). What is v(1)?
-9
Let u(z) = -3*z + 17. Let o be u(4). Let s(d) = 10 - 4*d**2 - 2*d**2 + 5*d + o*d - d**3. Calculate s(-7).
-11
Let i(v) = 2*v - 8. Let s be -3 + 2*9/(-6). Let l = 0 - s. Determine i(l).
4
Let x(c) = -c**3 + 4*c**2 + 2*c - 2. Let j be x(4). Let b(m) = 19*m + 4*m**2 + j - 7*m + m**3 - 10*m. Determine b(-4).
-2
Let h(p) = -3*p + 11. Let t(i) = -3*i**2 + 17*i + 34. Let d be t(7). Calculate h(d).
-7
Let k(a) = -7*a + 2. Let s be (2 + 2 + -3)*(-4)/(-2). Suppose 4 = -3*o - s*z + 10, 0 = -3*z. What is k(o)?
-12
Suppose 0 = 2*g - 6, h + g = 15 - 21. Let y(s) = s**3 + 8*s**2 - 7*s + 6. What is y(h)?
-12
Let p(w) be the third derivative of -w**6/120 + w**5/20 + w**4/12 + w**3/3 + 356*w**2 + w. Let n(r) = r - 3. Let l = 12 - 5. Let j be n(l). Give p(j).
-6
Let n(t) = -t**2 - 12*t - 24. Let c be n(-3). Let f(d) be the second derivative of 1/12*d**4 + 5*d - 1/2*d**c + 0 - 3/2*d**2. Determine f(3).
-3
Suppose -2*m + 1527 = 1517. Let j(f) = 6*f + 1. Calculate j(m).
31
Let j(l) = -l**2 - 8*l + 7. Let c be j(-8). Let v(b) = -5*b - 6 - 3*b - b**2 + 6*b - c*b. Give v(-8).
2
Let g(p) = p**3 + 3*p**2 - p + 3. Suppose 4*o - 16 + 0 = 0. Suppose -o*b + 2*b + 6 = 0. Suppose -3*k + 0*f - b = 3*f, 4*f = -3*k. Give g(k).
-9
Suppose -2*b = -16 - 0. Let l(z) = 7*z**2 - 14*z + 8. Let w(t) = t**2 - t + 1. Let f(n) = -l(n) + 6*w(n). Give f(b).
-2
Let g(v) = -2*v + 2. Suppose -47*m = -35*m - 48. Calculate g(m).
-6
Let r(g) be the third derivative of -1/120*g**6 + 0*g - 1/10*g**5 - 1/8*g**4 - 3/2*g**3 + 0 + 3*g**2. Determine r(-6).
9
Let k = 142 - 148. Let p(s) = -2*s**2 - 14*s - 19. Give p(k).
-7
Let g(f) = -24*f**2 - 2*f - 1. Let b(y) = 24*y**2 + 2*y + 2. Let u(w) = 2*b(w) + 3*g(w). Suppose -q + 7 = 5*j + q, 5*j = -5*q + 10. Give u(j).
-25
Let c(m) = -2*m - 3. Suppose 3*i = 5*i - 38. Let x = i + -14. Suppose -2*o + 4*l + 4 = -2, 2*o + x*l = -21. Determine c(o).
3
Suppose -k + 8 = 3*k. Let g(s) = -399*s - 25. Let x(n) = 47*n + 3. Let o(u) = -4*g(u) - 34*x(u). Determine o(k).
-6
Let k be 16/(4/24*-4). Let t be (3/2)/(k/128). Let p(o) = o**2 + 10*o + 10. What is p(t)?
-6
Let y(a) be the first derivative of a**3/6 - 5*a**2 - 2*a - 3. Let m(g) be the first derivative of y(g). Let b be (0/(-9))/(-1 - -2). Calculate m(b).
-10
Let v(l) = -2*l**2 - 31*l + 16. Suppose 50*d + 907 = 107. Give v(d).
0
Let d(z) = z**3 - 8*z**2 - 9*z - 3. Let l be (-4 - 0)/(164/(-369)). Give d(l).
-3
Let f(s) be the second derivative of s**5/20 - s**4/4 - s**3 + 13*s**2/2 + 8*s + 5. Give f(3).
-5
Let d(l) = -l**3 - 3*l**2 + 2. Let u be d(-3). Let r(z) = 2*z**u + 0*z**2 - 2 - z**2 + 5. Calculate r(0).
3
Suppose w - 2*x - 5 = 0, w - 8 = -0*x - x. Let y(a) = 4 + a + 3 + a**3 - 4 - 7*a**2 - 2. Calculate y(w).
8
Let t be (-48)/(-40)*((-32)/(-3) + -4). Let u(c) = -c + 6. Calculate u(t).
-2
Let b(l) = l**3 + 3*l**2 + 4*l + 5. Suppose 0 = 34*k - 38*k - 3*z - 20, -2*z - 8 = 0. Determine b(k).
1
Let b(v) be the third derivative of -v**5/60 - 11*v**4/24 - v**3/2 + 172*v**2. What is b(-5)?
27
Let i(s) = -s**3 - 7*s**2 - 8*s - 12. Let x be i(-6). Suppose p - 7 = 2*k, x = 5*k + 4*p + 8 + 16. Let o(a) = a + 4. Calculate o(k).
0
Let i = 1 + -1. Let n(v) = v**2 + 8*v + 2. Let q be n(-8). Suppose -3*o - 3*g + 4 = 13, 4*o + q*g + 4 = i. Let j(k) = k. What is j(o)?
1
Suppose 5*u = -3*w + 10, -w = 2*u - 6*u + 8. Let l be (w/2)/((-7)/(-7)). Let g(d) = 4*d + 6 - d - 5*d + d. Calculate g(l).
6
Let g(q) = 2*q**2 - 2*q - 7. Let t(j) = -3*j**2 + 5*j + 13. Let h(m) = -5*g(m) - 3*t(m). Calculate h(-3).
2
Suppose -b = -g + 1, -3*g + b - 19 = -7*g. Suppose -40 = -g*p - 4*x, -3*x + 2*x = -p + 8. Let z(f) = f**2 - 8*f - 11. Determine z(p).
-2
Let s(h) = -h**3 - 34*h**2 + 72*h - 7. Let a be s(-36). Let p(z) = z**3 + 6*z**2 - 5*z + 6. Give p(a).
-8
Let a = -9 - -21. Let l be (-19)/(-3) - (-8)/a. Suppose 5*b + 17 - l = 0. Let k(j) = -j**2 + j + 1. What is k(b)?
-5
Let o(g) = -2*g + 6 + 3 + 7*g - 2*g. Let d = -23 - -17. Calculate o(d).
-9
Let j(r) = 4*r**3 - 2*r**2 + 2*r - 1. Let h be j(1). Let c(g) be the second derivative of g**3/6 + 136*g. Calculate c(h).
3
Suppose -5*w = -3*w - 4. Let f = 63 - 61. Let g(s) = -f*s + s + w*s + 3. Determine g(3).
6
Let w be (-91)/(-7) + -2 + -4. Let z(k) be the first derivative of -1 - 1/2*k**2 + w*k. Determine z(0).
7
Let d(a) = a**3 + a**2 - a + 3. Let b = 71 - 71. Suppose b = 15*z - 6*z. Calculate d(z).
3
Suppose 2*m + 56 = 5*i + 3*m, -4*m - 16 = 0. Let t be i/(-8)*(6 - 4). Let z(q) = -q**2 - 4*q + 2. What is z(t)?
5
Let d(t) = t**3 - 4*t**2 + 2*t - 2. Let x(z) = 11*z + z**3 + 15*z**2 + 18 - 5*z + 9*z. Let o = -21 + 7. Let c be x(o). Calculate d(c).
6
Let x be (-4)/(-8)*12 + -2. Let w(y) be the third derivative of -y**6/120 + y**5/12 - y**4/4 + y**3/3 + 2*y**2. Calculate w(x).
-6
Let p(w) = 126*w**3 + 11*w - 63*w**3 + 34 - 64*w**3 + w + 13*w**2. What is p(14)?
6
Let n(d) be the third derivative of -d**2 + 0 + 0*d + 1/6*d**3 - 3/8*d**4. Suppose -6 + 9 = -3*c. Determine n(c).
10
Suppose -4*f - 8 = -f + 4*a, -5*f = 4*a. Let l(g) be the first derivative of g**4/4 - 2*g**3/3 - 2*g**2 - 5*g - 426. What is l(f)?
11
Let t(z) = 5*z**3 + 1. Let x(a) = -a**3 - a**2. Let g(f) = -t(f) - 2*x(f). Calculate g(1).
-2
Suppose 11*x + 15 = 16*x. Suppose -2*r + 3*y + 10 = -3*r, -4 = 4*r + 3*y. Let t(j) = 3*j**2 - 4 + 2*j**x + j**3 - 5*j - j**3 + r. Give t(-3).
-14
Let l(f) = -f + 13. Let v = 75 + -71. Suppose -8*p = -v*p. What is l(p)?
13
Let t = -45 + 10. Let u = 39 + t. Let q(c) be the third derivative of -c**6/120 + c**5/20 + c**4/12 + 5*c**3/6 + c**2. What is q(u)?
-3
Suppose 7*b + 8 = -20. Let r(o) = -o**2 - 4*o - 2. Give r(b).
-2
Let h(m) = -m + 4. Let u(x) = 2*x + 2. Suppose -3*r + 15 = 3*v, -5*v - 6*r + 5*r = -13. Let w be u(v). Let s be (0 - 0)/(w/(-6)). Give h(s).
4
Let i(b) = 13*b**2 + 769 - 10*b**2 - 763 - 16*b. Determine i(5).
1
Let g(h) = -2*h**2 + 0*h**2 + 22*h - 8*h + h**2 - 10 + 2*h. What is g(15)?
5
Let i(v) = v - 6. Suppose 4 = 10*k - 8*k. Determine i(k).
-4
Let w(v) = -v**2 - v - 9. Suppose 3*q - 56 = -278. Let d = 74 + q. Calculate w(d).
-9
Let n(p) = -p**2 + 3*p - 3. Let j(f) = -f**2 - 19*f - 16. Let d be j(-17). Suppose -d = -6*i - 6. Give n(i).
-1
Let r(g) = 2*g - 2. Suppose 5*k - 12 = 13. Suppose -5*s + 4*j = -k, j - 2 = -7. Give r(s).
-8
Let s be 12/(-3)*3/(-6). Let u(f) = -69*f**2 + 70*f**2 - s*f - 3*f - 4. Calculate u(5).
-4
Let u(s) = -s**2 + 6*s + 5. Suppose 17*f = 56 + 80. Determine u(f).
-11
Suppose 0 = -3*x - 6. Let u(w) = 5*w**3 - 2*w**2 + w + 3. Let d(v) = 6*v**3 - 3*v**2 + v + 4. Let k(o) = -4*d(o) + 5*u(o). Calculate k(x).
-3
Let d(n) = n**2 + 19*n - 9. Suppose -49*m + 132*m + 1577 = 0. Give d(m).
-9
Let l = 18 - 12. Let j(k) = -11*k + 1 + 5*k - k + 6*k. Give j(l).
-5
Let p = 7 - 8. Let l(w) = -320*w**3 + 2*w**2 - 6 + 5 + 330*w**3. Calculate l(p).
-9
Let w(z) = 3*z + 16. Let v(g) = 8*g + 32. Let i(b) = 2*v(b) - 5*w(b). What is i(11)?
-5
Let p(r) = -r. Let k(y) = -3*y + 1. Let i(a) = -k(a) + 2*p(a). Suppose -21 = -5*t - 2*j + 16, -5*j = 5*t - 40. Give i(t).
6
Let b(r) = -14*r + 33. Let l be b(1). Let n(o) = -3*o + 47. Calculate n(l).
-10
Let v = -1 - 0. Let p = -50 - -64. Let m(b) = -33*b - 37*b + p*b**3 + b**2 + 71*b + 1. What is m(v)?
-13
Let w(x) = -4*x**3 + 2*x**2 + x. Let m be w(-1). Let q = -9 + m. Let o(l) = l**2 + 6*l + 2. Determine o(q).
-6
Suppose -15 = -5*h, 0*h - 2*h - 7 = -m. Let k = m + -4. Let g(v) = -2 + k*v**2 - 3*v**2 - 1 + 2. What is g(1)?
5
Let c(f) 